hat is the thousands digit of 13231?
3
What is the hundreds digit of 3082?
0
What is the units digit of 151?
1
What is the tens digit of 112988?
8
What is the tens digit of 65032?
3
What is the tens digit of 1744?
4
What is the hundreds digit of 189258?
2
What is the thousands digit of 16875?
6
What is the thousands digit of 130063?
0
What is the ten thousands digit of 73258?
7
What is the ten thousands digit of 77442?
7
What is the units digit of 11536?
6
What is the tens digit of 1313?
1
What is the units digit of 99934?
4
What is the tens digit of 25577?
7
What is the hundreds digit of 4017?
0
What is the thousands digit of 3651?
3
What is the ten thousands digit of 12646?
1
What is the hundreds digit of 683?
6
What is the units digit of 4503?
3
What is the tens digit of 42?
4
What is the tens digit of 261?
6
What is the thousands digit of 124783?
4
What is the tens digit of 67?
6
What is the hundreds digit of 669?
6
What is the units digit of 6638?
8
What is the hundreds digit of 948?
9
What is the hundreds digit of 26676?
6
What is the hundreds digit of 6500?
5
What is the tens digit of 1121?
2
What is the thousands digit of 13761?
3
What is the hundreds digit of 585?
5
What is the thousands digit of 4084?
4
What is the tens digit of 23757?
5
What is the thousands digit of 26834?
6
What is the tens digit of 753?
5
What is the units digit of 317?
7
What is the units digit of 9713?
3
What is the units digit of 3951?
1
What is the units digit of 1102?
2
What is the ten thousands digit of 30282?
3
What is the tens digit of 1552?
5
What is the units digit of 225?
5
What is the tens digit of 5121?
2
What is the units digit of 13750?
0
What is the units digit of 1238?
8
What is the tens digit of 670?
7
What is the units digit of 25790?
0
What is the thousands digit of 1989?
1
What is the tens digit of 997?
9
What is the tens digit of 716?
1
What is the hundreds digit of 426?
4
What is the tens digit of 5388?
8
What is the tens digit of 1770?
7
What is the hundred thousands digit of 106423?
1
What is the hundreds digit of 1133?
1
What is the ten thousands digit of 34149?
3
What is the units digit of 3234?
4
What is the tens digit of 1142?
4
What is the hundreds digit of 484?
4
What is the thousands digit of 1140?
1
What is the hundreds digit of 338?
3
What is the units digit of 8095?
5
What is the units digit of 771?
1
What is the units digit of 7967?
7
What is the units digit of 817?
7
What is the ten thousands digit of 18232?
1
What is the units digit of 11149?
9
What is the units digit of 10361?
1
What is the thousands digit of 1032?
1
What is the ten thousands digit of 75630?
7
What is the hundreds digit of 161129?
1
What is the tens digit of 11262?
6
What is the ten thousands digit of 46516?
4
What is the units digit of 111?
1
What is the thousands digit of 2550?
2
What is the tens digit of 4233?
3
What is the tens digit of 1097?
9
What is the thousands digit of 6205?
6
What is the hundreds digit of 886?
8
What is the units digit of 80923?
3
What is the units digit of 675?
5
What is the units digit of 2762?
2
What is the tens digit of 67148?
4
What is the hundreds digit of 317?
3
What is the thousands digit of 1438?
1
What is the units digit of 7778?
8
What is the thousands digit of 90238?
0
What is the ten thousands digit of 10466?
1
What is the tens digit of 766?
6
What is the ten thousands digit of 46929?
4
What is the thousands digit of 17312?
7
What is the ten thousands digit of 23987?
2
What is the thousands digit of 11208?
1
What is the ten thousands digit of 16026?
1
What is the thousands digit of 8119?
8
What is the hundreds digit of 523?
5
What is the units digit of 1927?
7
What is the tens digit of 59531?
3
What is the thousands digit of 33479?
3
What is the hundreds digit of 1787?
7
What is the thousands digit of 1605?
1
What is the tens digit of 4633?
3
What is the tens digit of 700?
0
What is the hundreds digit of 1744?
7
What is the units digit of 1848?
8
What is the hundreds digit of 1554?
5
What is the units digit of 84?
4
What is the tens digit of 38518?
1
What is the hundreds digit of 4062?
0
What is the tens digit of 3608?
0
What is the units digit of 30125?
5
What is the units digit of 104996?
6
What is the tens digit of 1254?
5
What is the units digit of 2702?
2
What is the hundreds digit of 198716?
7
What is the tens digit of 7742?
4
What is the ten thousands digit of 150122?
5
What is the thousands digit of 2877?
2
What is the tens digit of 11080?
8
What is the units digit of 9233?
3
What is the hundreds digit of 5287?
2
What is the thousands digit of 11755?
1
What is the ten thousands digit of 19506?
1
What is the hundreds digit of 9491?
4
What is the hundreds digit of 6975?
9
What is the tens digit of 16782?
8
What is the units digit of 2196?
6
What is the thousands digit of 1923?
1
What is the tens digit of 562?
6
What is the hundreds digit of 613?
6
What is the hundreds digit of 4836?
8
What is the units digit of 131333?
3
What is the hundreds digit of 148139?
1
What is the units digit of 1403?
3
What is the hundreds digit of 1289?
2
What is the units digit of 9498?
8
What is the thousands digit of 13906?
3
What is the hundreds digit of 1805?
8
What is the ten thousands digit of 30663?
3
What is the units digit of 91482?
2
What is the units digit of 33064?
4
What is the ten thousands digit of 86040?
8
What is the hundreds digit of 1073?
0
What is the hundreds digit of 224?
2
What is the tens digit of 2951?
5
What is the hundreds digit of 846?
8
What is the tens digit of 1362?
6
What is the ten thousands digit of 36569?
3
What is the units digit of 2614?
4
What is the units digit of 38332?
2
What is the units digit of 3815?
5
What is the thousands digit of 38723?
8
What is the thousands digit of 13084?
3
What is the hundreds digit of 4391?
3
What is the ten thousands digit of 13222?
1
What is the thousands digit of 4037?
4
What is the hundreds digit of 1388?
3
What is the units digit of 735?
5
What is the tens digit of 87972?
7
What is the units digit of 720?
0
What is the tens digit of 887?
8
What is the units digit of 12516?
6
What is the units digit of 93?
3
What is the hundreds digit of 7889?
8
What is the hundreds digit of 117?
1
What is the tens digit of 11316?
1
What is the ten thousands digit of 17345?
1
What is the tens digit of 196?
9
What is the units digit of 1796?
6
What is the units digit of 3854?
4
What is the units digit of 11660?
0
What is the tens digit of 24902?
0
What is the units digit of 25056?
6
What is the tens digit of 155891?
9
What is the tens digit of 952?
5
What is the units digit of 602?
2
What is the tens digit of 23?
2
What is the thousands digit of 17733?
7
What is the units digit of 7247?
7
What is the units digit of 7397?
7
What is the hundreds digit of 831?
8
What is the tens digit of 5150?
5
What is the thousands digit of 1514?
1
What is the units digit of 8401?
1
What is the units digit of 90?
0
What is the thousands digit of 2642?
2
What is the units digit of 1407?
7
What is the tens digit of 12026?
2
What is the thousands digit of 5218?
5
What is the units digit of 2494?
4
What is the thousands digit of 4823?
4
What is the tens digit of 9271?
7
What is the thousands digit of 15003?
5
What is the units digit of 690?
0
What is the thousands digit of 7867?
7
What is the thousands digit of 2263?
2
What is the hundreds digit of 4523?
5
What is the tens digit of 31882?
8
What is the thousands digit of 1140?
1
What is the units digit of 552?
2
What is the hundreds digit of 22635?
6
What is the hundreds digit of 11680?
6
What is the units digit of 18576?
6
What is the tens digit of 38245?
4
What is the hundreds digit of 492?
4
What is the tens digit of 22236?
3
What is the tens digit of 403?
0
What is the hundreds digit of 19881?
8
What is the hundreds digit of 550?
5
What is the tens digit of 3523?
2
What is the tens digit of 7029?
2
What is the units digit of 818?
8
What is the thousands digit of 1212?
1
What is the tens digit of 33495?
9
What is the tens digit of 478?
7
What is the units digit of 4701?
1
What is the units digit of 24421?
1
What is the thousands digit of 48302?
8
What is the units digit of 387?
7
What is the ten thousands digit of 127475?
2
What is the tens di